-118
Let i(d) = d**2 + 11*d - 249. Calculate i(-22).
-7
Let m(n) = -n**3 + 5*n**2 - 2*n + 3. Calculate m(2).
11
Let b(d) = d**2 - 14*d + 4. Calculate b(12).
-20
Let s(l) = -l**3 - 13*l**2 - 2*l - 8. Give s(-13).
18
Let k(x) = -3*x - 12. What is k(-3)?
-3
Let c(x) = -4*x - 1. Calculate c(1).
-5
Let x(y) = -y**3 + 8*y**2 - 2*y - 4. Calculate x(7).
31
Let g(m) = m**2 + 34*m + 59. Give g(-36).
131
Let r(k) = k**2 + 3*k + 10. Give r(-6).
28
Let p(c) = -c**2 + 7*c + 11. What is p(8)?
3
Let o(y) = y**3 - y**2 - y + 5. Give o(4).
49
Let l(r) = 3*r**2 - 15*r + 17. What is l(4)?
5
Let c(n) = n**2 - 3*n + 5. Calculate c(2).
3
Let g(m) = 2*m**3 + 15*m**2 + 27*m + 7. Determine g(-3).
7
Let h(z) = -18*z + 187. Determine h(10).
7
Let y(x) = x - 2. What is y(-6)?
-8
Let z(o) = -13*o - 93. What is z(-7)?
-2
Let r(z) = 7*z**2 - 7*z - 2. Determine r(2).
12
Let m(z) = -z**3 + 8*z**2 - 4*z - 15. Calculate m(7).
6
Let g(a) = -2*a**2 - 3*a + 10. Give g(-5).
-25
Let g(u) = u**3 + 22*u**2 + 40*u - 12. Calculate g(-20).
-12
Let i(u) = -u**3 - 9*u**2 - 10*u - 14. What is i(-8)?
2
Let p(f) = -16*f + 6. Determine p(1).
-10
Let c(y) = y**2 + y + 108. Calculate c(0).
108
Let s(c) = -c**3 + 3*c**2 - 17. Give s(0).
-17
Let x(h) = h**2 - 16*h + 20. Calculate x(13).
-19
Let k(c) = -2*c**2 + 4*c - 2. Give k(4).
-18
Let h(o) = o**3 + 15*o**2 + 15*o + 19. Determine h(-14).
5
Let b(q) = 3*q**2 - 7*q + 5. Give b(5).
45
Let m(h) = -4*h**2 + 26*h + 2. Calculate m(7).
-12
Let x(j) = j**3 + 19*j**2 - 2*j - 25. What is x(-19)?
13
Let k(j) = -2*j**2 + 10*j - 4. Determine k(5).
-4
Let c(w) = 4*w**2 + w + 5. Give c(4).
73
Let o(p) = 2*p**2 - 10*p - 57. Determine o(8).
-9
Let y(i) = i**3 + 14*i**2 - 14*i - 3. Give y(-15).
-18
Let o(n) = n**3 - n - 41. Calculate o(0).
-41
Let s(a) = -a**3 + 5*a**2 + a - 10. Determine s(5).
-5
Let m(a) = 19*a**2 + a + 1. Give m(-1).
19
Let v(n) = -n**3 - 24*n**2 - 42*n + 43. Determine v(-22).
-1
Let l(k) = k - 4. Calculate l(-1).
-5
Let f(r) = r**2 - 61*r - 118. What is f(-2)?
8
Let j(z) = z**2 - 2*z - 12. Calculate j(5).
3
Let l(g) = 55*g + 338. Give l(-6).
8
Let o(g) = -g**3 + 4*g**2 + 3*g - 3. What is o(-2)?
15
Let v(h) = -2*h**3 + 13*h**2 - 18*h - 14. Determine v(4).
-6
Let k(f) = -f - 31. What is k(-9)?
-22
Let r(q) = -10*q + 209. Give r(21).
-1
Let u(y) = -y**3 - 10*y**2 - y - 14. Calculate u(-10).
-4
Let j(r) = 2*r**2 - 3*r - 1. Determine j(-3).
26
Let g(n) = n - 16. Give g(5).
-11
Let r(c) = 2*c**2 + 2*c. Calculate r(2).
12
Let h(f) = -f**3 + 41*f**2 + 130*f + 75. Give h(44).
-13
Let f(i) = 2*i**2 + 33*i + 39. Determine f(-15).
-6
Let q(w) = w**2 + 8*w + 9. Determine q(-8).
9
Let j(u) = -u**2 + 2. What is j(1)?
1
Let w(s) = s**3 + 2*s**2 + 22. Calculate w(0).
22
Let m(l) = 2*l**2 + 9*l + 14. Determine m(-5).
19
Let l(v) = -v**3 - 5*v**2 + 5*v + 6. Calculate l(-6).
12
Let m(d) = 2*d**2 - 16*d + 2. What is m(11)?
68
Let f(o) = o**2 - 13*o + 25. Give f(6).
-17
Let h(o) = 21*o + 614. Determine h(-29).
5
Let d(z) = 20*z + 101. Calculate d(-5).
1
Let g(u) = -4*u - 20. What is g(-6)?
4
Let s(k) = -8*k + 169. Determine s(17).
33
Let m(w) = -w**3 - 17*w**2 + 6*w + 129. Determine m(-17).
27
Let k(u) = u**3 + 6*u**2 - 9*u. Give k(-7).
14
Let q(t) = -t**2 - 25*t - 144. Determine q(-13).
12
Let y(q) = -3*q**3 - 15*q**2 - 7*q + 4. What is y(-4)?
-16
Let k(m) = 50*m - 17. Determine k(0).
-17
Let c(w) = w**2 + 9*w + 20. Give c(-9).
20
Let a(v) = 24*v + 1. What is a(2)?
49
Let q(y) = 12*y. What is q(-2)?
-24
Let r(s) = s**3 + s + 29. Give r(0).
29
Let q(u) = -u**3 - 15*u**2 + 2*u + 21. Give q(-15).
-9
Let p(s) = -2*s**2 + 4*s + 11. What is p(5)?
-19
Let b(l) = 8*l + 12. Determine b(-6).
-36
Let c(n) = n + 30. What is c(-25)?
5
Let n(z) = -z**2 + 21*z + 95. Give n(25).
-5
Let h(v) = 2*v**2 - 20*v + 51. What is h(6)?
3
Let z(x) = 5*x - 7. Determine z(-4).
-27
Let f(c) = -3*c - 6. Calculate f(-9).
21
Let j(a) = -a + 7. Give j(0).
7
Let x(s) = s + 1. Give x(7).
8
Let n(d) = d**2 - 2*d - 22. Give n(9).
41
Let r(x) = -14*x**2 - 11*x + 11. What is r(1)?
-14
Let r(y) = 3*y**2 - y - 10. Give r(-3).
20
Let i(f) = f**2 - 10*f + 5. Determine i(8).
-11
Let b(x) = -7*x - 103. Determine b(-14).
-5
Let r(i) = -i**3 - 2*i**2 + i - 7. Give r(0).
-7
Let x(o) = -52*o + 2. Give x(-2).
106
Let q(x) = x - 1. Determine q(1).
0
Let s(o) = -o**2 - 6*o - 3. Give s(-6).
-3
Let v(g) = -2*g**2 - 20*g. Give v(0).
0
Let q(p) = 2*p**3 - 3*p**2 - p + 2. Calculate q(2).
4
Let i(t) = 11*t - 1. What is i(-1)?
-12
Let f(l) = l**3 + 5*l**2 - 21*l - 57. Calculate f(-7).
-8
Let o(g) = -2*g**3 + 8*g**2 + g + 9. What is o(6)?
-129
Let i(m) = -m**3 - 6*m**2 + 23*m + 50. Give i(-8).
-6
Let p(m) = m**3 - 26*m**2 - 29*m + 55. Give p(27).
1
Let z(k) = k + 6. Give z(-12).
-6
Let w(s) = s**3 - 7*s**2 + s + 8. What is w(6)?
-22
Let u(p) = -p**3 + 6*p**2 + 8*p - 2. Calculate u(7).
5
Let i(v) = -v**2 - 21*v + 156. Determine i(6).
-6
Let a(i) = i**3 + 5*i**2 + 2*i - 3. Calculate a(-3).
9
Let b(z) = 2*z**3 + 12*z**2 + 5*z + 2. Give b(-6).
-28
Let b(m) = -2*m**2 + 19*m - 52. Determine b(4).
-8
Let x(q) = -235*q - 466. What is x(-2)?
4
Let l(q) = 4*q**3 + 11*q**2 + 3*q + 11. Calculate l(-3).
-7
Let d(u) = 2*u**2 - 16*u - 4. Calculate d(8).
-4
Let y(i) = i - 11. Determine y(9).
-2
Let v(r) = -r**2 + 13*r - 39. Calculate v(9).
-3
Let k(y) = 2*y**3 + 15*y**2 + 6*y - 12. Give k(-7).
-5
Let t(k) = 2*k**2 - k - 5. What is t(6)?
61
Let r(l) = l**3 + l**2 + l + 2. Calculate r(0).
2
Let t(a) = -a**3 + 6*a**2 + a - 11. Determine t(6).
-5
Let p(h) = -h**3 - 3*h**2 - 3*h - 1. What is p(5)?
-216
Let k(t) = 5*t + 1. Give k(-1).
-4
Let l(z) = -z**3 + 5*z**2 - z + 2. Determine l(5).
-3
Let f(b) = b**3 + 9*b**2 + 15*b - 9. Calculate f(-6).
9
Let b(x) = -x**3 + 12*x**2 - 8*x + 87. Determine b(12).
-9
Let h(i) = -i**2 + 38*i - 170. Give h(31).
47
Let o(k) = 5*k**3 - k**2 - 13*k + 14. What is o(1)?
5
Let c(r) = -2*r**2 - 9*r - 14. Calculate c(-2).
-4
Let t(s) = -3*s - 6. Determine t(-5).
9
Let r(s) = -s**3 + 4*s**2 - 3*s + 6. Calculate r(4).
-6
Let p(y) = 3*y - 57. Give p(4).
-45
Let x(z) = -4*z + 10. Determine x(-5).
30
Let p(g) = 14*g**2 + 57*g - 3. Determine p(-4).
-7
Let i(b) = -15*b - 2. Give i(-2).
28
Let t(q) = 2*q**3 + q**2 + 2*q + 91. Determine t(0).
91
Let q(i) = -i**2 - 8*i + 16. Determine q(-8).
16
Let b(i) = 6*i + 9. Calculate b(-3).
-9
Let j(c) = -7*c - 83. Give j(-11).
-6
Let l(w) = w**2 + 4*w. What is l(-4)?
0
Let d(m) = m**2 - m - 2. Determine d(2).
0
Let o(f) = -f**3 + 38*f**2 - 346*f + 19. Calculate o(15).
4
Let h(w) = 9*w + 142. Determine h(-15).
7
Let y(a) = a - 1. Calculate y(0).
-1
Let k(f) = -9*f**3 - f**2 - 5*f + 5. Give k(1).
-10
Let m(r) = -83*r**2 - r. Give m(1).
-84
Let a(r) = -r**2 - 6*r + 2. What is a(-7)?
-5
Let i(p) = p**3 + 12*p**2 - 18*p - 15. Calculate i(-13).
50
Let j(k) = 2*k + 12. Give j(-5).
2
Let m(l) = -3*l + 72. What is m(25)?
-3
Let m(f) = -f**3 - 3*f**2 + 3*f - 6. Determine m(-4).
-2
Let h(p) = p**2 - 7*p + 4. Give h(6).
-2
Let s(c) = -c**3 + 5*c**2 + 9*c + 7. What is s(7)?
-28
Let a(t) = 10*t**3 - 4*t + 3. What is a(1)?
9
Let s(g) = 2*g**2 - 26*g + 14. Calculate s(12).
-10
Let l(u) = 4*u - 55. Give l(14).
1
Let x(f) = -f**3 + f**2 - f - 1. Determine x(-3).
38
Let n(c) = c**2 + 11*c - 50. Calculate n(-15).
10
Let s(r) = 9*r**3 + 2*r**2 - r + 1. Determine s(1).
11
Let z(f) = 2*f + 5. What is z(-3)?
-1
Let g(z) = -14*z - 294. Calculate g(-21).
0
Let p(g) = g - 30. Calculate p(9).
-21
Let r(g) = -g**2 + 8*g + 7. Calculate r(9).
-2
Let l(w) = -w**3 - 11*w**2 - 3. What is l(-11)?
-3
Let y(s) = -2*s**3 - 25*s**2 + 11*s - 20. Calculate y(-13).
6
Let m(s) = -30*s - 31. Calculate m(-1).
-1
Let a(o) = -12*o**2 - o. Determine a(1).
-13
Let j(c) = -4*c - 79. Calculate j(-14).
-23
Let j(u) = -6*u**3 + 3*u**2 + u. Determine j(-1).
8
Let j(a) = a**2 - 22*a + 101. What is j(16)?
5
Let b(d) = d**3 - 9*d**2 - 10*d - 4. Give b(10).
-4
Let d(m) = m**3 - 5*m**2 - 7*m - 3. Determine d(6).
-9
Let r(p) = p**2 + 8*p - 17. Determine r(-10).
3
Let u(y) = -29*y**3 + 2*y**2 - y. Calculate u(1).
-28
Let g(l) = -l**3 - 10*l**2 + 8*l - 25. Determine g(-11).
8
Let q(f) = f**3 + 9*f**2 + 19*f + 8. Give q(-5).
13
Let p(f) = -15*f**2 - f - 1. Calculate p(-2).
-59
Let h(x) = -3*x**2 + 17*x + 33. Calculate h(10).
-97
Let v(z) = 2*z 